{"id":2,"date":"2017-03-13T10:46:45","date_gmt":"2017-03-13T10:46:45","guid":{"rendered":"http:\/\/akaiesramana.com\/music\/?page_id=2"},"modified":"2020-02-18T02:13:22","modified_gmt":"2020-02-18T02:13:22","slug":"home-1","status":"publish","type":"page","link":"https:\/\/akaiesramana.com\/music\/","title":{"rendered":"Home 1"},"content":{"rendered":"<p>[vc_row full_width=&#8221;stretch_row_content_no_spaces&#8221;][vc_column][rev_slider_vc alias=&#8221;slider-1&#8243;][\/vc_column][\/vc_row][vc_row][vc_column]<div class=\"sc_layouts sc_layouts_default sc_layouts_535\">[vc_row][vc_column icons_position=\"left\"][vc_empty_space alter_height=\"huge\" hide_on_mobile=\"\" css=\".vc_custom_1495790866099{margin-top: 0.9rem !important;}\"]<div class=\"sc_layouts_item\"><div  id=\"sc_promo_56728995\" \n\tclass=\"sc_promo color_style_default sc_promo_modern sc_promo_size_normal sc_promo_no_paddings sc_promo_image_position_left\"\n\t\t><div class=\"sc_promo_image_wrap\" style=\"width:54%;left: 0;\"><div class=\"sc_promo_image\" style=\"background-image:url(https:\/\/akaiesramana.com\/music\/wp-content\/uploads\/2017\/06\/MG_3075_PEQ2.png);\"><\/div><\/div><div class=\"sc_promo_text\" style=\"width: 46%;float: right;\">\n\t\t\t<div class=\"sc_promo_text_inner sc_content_width_46%\" style=\"\"><h6 class=\"sc_item_subtitle sc_promo_subtitle sc_align_left sc_item_title_style_default\">Release<\/h6><h3 class=\"sc_item_title sc_promo_title sc_align_left sc_item_title_style_default\">Akai\u00ea Sramana<\/h3><div class=\"sc_item_descr sc_promo_descr sc_align_left\"><p>Nascido em 22 de Janeiro de 1977, no munic\u00edpio de Duque de Caxias, Akai\u00ea iniciou sua carreira musical aos sete anos de idade tocando flautas e cantos xam\u00e2nicos. Mais tarde, come\u00e7ou a praticar as batidas dos Tambores e dos Maracas.<\/p>\n<p>H\u00e1 20 anos come\u00e7ou a se dedicar aos pr\u00f3prios cantos e desde 2009 trouxe um estudo profundo de voz e viol\u00e3o para suas performances, juntamente com a banda Jaya Ahow, destacando-se pela originalidade, versatilidade, criatividade e a musicalidade que criou, algo totalmente diferente dos cantos xam\u00e2nicos presentes no mercado musical.<\/p>\n<\/div><div class=\"sc_layouts_item\"><div class=\"sc_item_button sc_item_button_default sc_promo_button sc_align_left sc_button_wrap sc_align_left\"><a href=\"http:\/\/akaiesramana.com\/music\/release\/\" id=\"sc_button_2126157056\" class=\"sc_button color_style_default sc_button_default sc_button_size_normal sc_button_icon_left\"><span class=\"sc_button_text\"><span class=\"sc_button_title\">Leia mais<\/span><\/span><!-- \/.sc_button_text --><\/a><!-- \/.sc_button --><\/div><!-- \/.sc_item_button sc_item_button_default sc_promo_button sc_align_left --><\/div><\/div>\n\t\t<\/div><!-- \/.sc_promo_text --><\/div><!-- \/.sc_promo --><\/div>[vc_empty_space alter_height=\"huge\" hide_on_mobile=\"\" css=\".vc_custom_1495808956314{margin-bottom: 2.45rem !important;}\"][\/vc_column][\/vc_row]<\/div>[\/vc_column][\/vc_row][vc_row][vc_column]<div class=\"sc_layouts sc_layouts_default sc_layouts_566\">[vc_row full_width=\"stretch_row\"][vc_column icons_position=\"left\"]<div id=\"sc_content_1036671824\"\n\t\tclass=\"sc_content color_style_default sc_content_instagram sc_float_center\"><div class=\"content-header\"><h3 class=\"sc_item_title sc_content_title sc_align_left sc_item_title_style_default\">Siga-me no Instagram <i>@akaiesramana<\/i><\/h3><a class=\"sc_button icon-untitled-4\" href=\"https:\/\/www.instagram.com\/akaiesramana\/\">Instagram<\/a><a class=\"sc_button icon-untitled-5 inv_button\" href=\"http:\/\/akaiesramana.com\/music\/galeria\/\">mais galerias<\/a><\/div><div class=\"sc_content_container\">[vc_column_text]\n<div id=\"sb_instagram\"  class=\"sbi sbi_mob_col_1 sbi_tab_col_2 sbi_col_5 sbi_width_resp\" style=\"width: 100%;\" data-feedid=\"sbi_akaiesramana#10\"  data-res=\"auto\" data-cols=\"5\" data-colsmobile=\"1\" data-colstablet=\"2\" data-num=\"10\" data-nummobile=\"\" data-item-padding=\"\" data-shortcode-atts=\"{&quot;showfollow&quot;:&quot;false&quot;,&quot;showbutton&quot;:&quot;false&quot;,&quot;showheader&quot;:&quot;false&quot;}\"  data-postid=\"2\" data-locatornonce=\"1dad05b05d\" data-imageaspectratio=\"1:1\" data-sbi-flags=\"favorLocal\">\n\t\n    <div id=\"sbi_images\" >\n\t\t    <\/div>\n\n\t<div id=\"sbi_load\" >\n\n\t\n\t\n<\/div>\n\n\t    <span class=\"sbi_resized_image_data\" data-feed-id=\"sbi_akaiesramana#10\" data-resized=\"[]\">\n\t<\/span>\n\t<\/div>\n\n[\/vc_column_text]<\/div><\/div><!-- \/.sc_content -->[\/vc_column][\/vc_row]<\/div>[\/vc_column][\/vc_row][vc_row][vc_column]<div class=\"sc_layouts sc_layouts_default sc_layouts_575\">[vc_row full_width=\"stretch_row\"][vc_column icons_position=\"left\"][vc_empty_space alter_height=\"huge\" hide_on_mobile=\"\" css=\".vc_custom_1496403700541{margin-bottom: -1rem !important;}\"][vc_empty_space alter_height=\"huge\" hide_on_mobile=\"\"][\/vc_column][\/vc_row]<\/div>[\/vc_column][\/vc_row][vc_row][vc_column]<div class=\"sc_layouts sc_layouts_default sc_layouts_548\">[vc_row][vc_column icons_position=\"left\"][vc_empty_space alter_height=\"medium\" hide_on_mobile=\"\" css=\".vc_custom_1496414518814{margin-top: -0.6rem !important;}\"]<div class=\"sc_layouts_item\"><div  id=\"sc_promo_353098482\" \n\tclass=\"sc_promo color_style_default sc_promo_modern sc_promo_size_normal sc_promo_no_paddings sc_promo_image_position_left\"\n\t\t><div class=\"sc_promo_image_wrap\" style=\"width:54%;left: 0;\"><div class=\"sc_promo_image\" style=\"background-image:url(https:\/\/akaiesramana.com\/music\/wp-content\/uploads\/2017\/06\/som.jpg);\">                        <div\n                            class=\"sc_promo_content sc_item_content\"><div class=\"sc_layouts_item\"><div id=\"widget_audio_1633368992\" class=\"widget_area sc_widget_audio vc_widget_audio wpb_content_element\"><aside id=\"widget_audio_1633368992_widget\" class=\"widget widget_audio\"><div class=\"trx_addons_audio_player without_cover\">\t\t<div class=\"audio_info\">\n\t\t\t\t\t\t\t\t\t\t<h5 class=\"audio_caption\">Floresta das Estrelas<\/h5>\n\t\t\t\t\t<\/div>\n\t\t<div class=\"audio_frame audio_local\"><!--[if lt IE 9]><script>document.createElement('audio');<\/script><![endif]-->\n<audio class=\"wp-audio-shortcode\" id=\"audio-2-1\" preload=\"none\" style=\"width: 100%;\" controls=\"controls\"><source type=\"audio\/mpeg\" src=\"http:\/\/akaiesramana.com\/mp3\/floresta_das_estrelas.mp3?_=1\" \/><a href=\"http:\/\/akaiesramana.com\/mp3\/floresta_das_estrelas.mp3\">http:\/\/akaiesramana.com\/mp3\/floresta_das_estrelas.mp3<\/a><\/audio><\/div><\/div><\/aside><\/div><\/div><div class=\"sc_layouts_item\"><div id=\"widget_audio_1951350695\" class=\"widget_area sc_widget_audio vc_widget_audio wpb_content_element\"><aside id=\"widget_audio_1951350695_widget\" class=\"widget widget_audio\"><div class=\"trx_addons_audio_player without_cover\">\t\t<div class=\"audio_info\">\n\t\t\t\t\t\t\t\t\t\t<h5 class=\"audio_caption\">Pena Branca Curador<\/h5>\n\t\t\t\t\t<\/div>\n\t\t<div class=\"audio_frame audio_local\"><audio class=\"wp-audio-shortcode\" id=\"audio-2-2\" preload=\"none\" style=\"width: 100%;\" controls=\"controls\"><source type=\"audio\/mpeg\" src=\"http:\/\/akaiesramana.com\/mp3\/pena_branca_curador.mp3?_=2\" \/><a href=\"http:\/\/akaiesramana.com\/mp3\/pena_branca_curador.mp3\">http:\/\/akaiesramana.com\/mp3\/pena_branca_curador.mp3<\/a><\/audio><\/div><\/div><\/aside><\/div><\/div><div class=\"sc_layouts_item\"><div id=\"widget_audio_1466842764\" class=\"widget_area sc_widget_audio vc_widget_audio wpb_content_element  vc_custom_1557404571987\"><aside id=\"widget_audio_1466842764_widget\" class=\"widget widget_audio\"><div class=\"trx_addons_audio_player without_cover\">\t\t<div class=\"audio_info\">\n\t\t\t\t\t\t\t\t\t\t<h5 class=\"audio_caption\">Vem Chegando do Astral<\/h5>\n\t\t\t\t\t<\/div>\n\t\t<div class=\"audio_frame audio_local\"><audio class=\"wp-audio-shortcode\" id=\"audio-2-3\" preload=\"none\" style=\"width: 100%;\" controls=\"controls\"><source type=\"audio\/mpeg\" src=\"http:\/\/akaiesramana.com\/mp3\/vem_chegando_do_astral.mp3?_=3\" \/><a href=\"http:\/\/akaiesramana.com\/mp3\/vem_chegando_do_astral.mp3\">http:\/\/akaiesramana.com\/mp3\/vem_chegando_do_astral.mp3<\/a><\/audio><\/div><\/div><\/aside><\/div><\/div><\/div><\/div><\/div><div class=\"sc_promo_text\" style=\"width: 46%;float: right;\">\n\t\t\t<div class=\"sc_promo_text_inner sc_content_width_46%\" style=\"\"><h6 class=\"sc_item_subtitle sc_promo_subtitle sc_align_left sc_item_title_style_default\">Floresta<\/h6><h3 class=\"sc_item_title sc_promo_title sc_align_left sc_item_title_style_default\">das Estrelas<\/h3><div class=\"sc_item_descr sc_promo_descr sc_align_left\"><p>Akai\u00ea Sramana \u00e9 terapeuta, instrutor de comportamento, multi-instrumentista autodidata e compositor. \u00c9 pesquisador, estudioso de culturas ancestrais, focado nas \u00e1reas da etnomusicologia e frequ\u00eancias sonoras atrav\u00e9s da voz.<\/p>\n<p>O \u00e1lbum \"Floresta das Estrelas\" marca o surgimento da nova musicalidade da floresta, conectando ritmos da m\u00fasica ente\u00f3gena com a contempor\u00e2nea para que todas as idades possam conhecer a beleza das medicinas xam\u00e2nicas.<\/p>\n<\/div><div class=\"sc_layouts_item\"><div class=\"sc_item_button sc_item_button_default sc_promo_button sc_align_left sc_button_wrap sc_align_left\"><a href=\"https:\/\/open.spotify.com\/artist\/4xiHz4bWmGnkIDjktp2wIY\" id=\"sc_button_1282062277\" class=\"sc_button color_style_default sc_button_default sc_button_size_normal sc_button_icon_left\"><span class=\"sc_button_text\"><span class=\"sc_button_title\">OU\u00c7A MAIS<\/span><\/span><!-- \/.sc_button_text --><\/a><!-- \/.sc_button --><\/div><!-- \/.sc_item_button sc_item_button_default sc_promo_button sc_align_left --><\/div><\/div>\n\t\t<\/div><!-- \/.sc_promo_text --><\/div><!-- \/.sc_promo --><\/div>[vc_empty_space alter_height=\"huge\" hide_on_mobile=\"\" css=\".vc_custom_1495808956314{margin-bottom: 2.45rem !important;}\"][\/vc_column][\/vc_row]<\/div>[\/vc_column][\/vc_row][vc_row][vc_column]<div class=\"sc_layouts sc_layouts_default sc_layouts_463\">[vc_row full_width=\"stretch_row\" css=\".vc_custom_1490965952764{background-image: url(http:\/\/akaiesramana.com\/music\/wp-content\/uploads\/2017\/03\/bg-4.jpg?id=290) !important;background-position: center !important;background-repeat: no-repeat !important;background-size: cover !important;}\"][vc_column width=\"5\/12\" icons_position=\"left\" offset=\"vc_col-md-6\"][vc_single_image image=\"1163\" img_size=\"full\" alignment=\"right\"]<div id=\"sc_content_1548327360\"\n\t\tclass=\"sc_content color_style_default sc_content_default sc_float_center\"><div class=\"sc_content_container\">[vc_row_inner][vc_column_inner width=\"1\/3\" icons_position=\"left\"][\/vc_column_inner][vc_column_inner width=\"1\/3\" icons_position=\"left\" offset=\"vc_col-sm-offset-0 vc_col-xs-offset-2 vc_col-xs-10\"][vc_empty_space height=\"102px\" hide_on_mobile=\"\" css=\".vc_custom_1557410209678{margin-top: 0.9rem !important;}\"]<div class=\"sc_layouts_item\"><a href=\"http:\/\/akaiesramana.com\/music\/produto\/cd-floresta-das-estrelas\/\" id=\"sc_button_439827243\" class=\"sc_button color_style_default sc_button_default  vc_custom_1572624172238 sc_button_size_normal sc_button_icon_left\"><span class=\"sc_button_text\"><span class=\"sc_button_title\">LAN\u00c7AMENTO<\/span><\/span><!-- \/.sc_button_text --><\/a><!-- \/.sc_button --><\/div>[\/vc_column_inner][vc_column_inner width=\"1\/3\" icons_position=\"left\"][\/vc_column_inner][\/vc_row_inner]<\/div><\/div><!-- \/.sc_content -->[vc_empty_space hide_on_mobile=\"\" css=\".vc_custom_1495713192880{margin-top: 0.9rem !important;}\"][\/vc_column][vc_column width=\"7\/12\" icons_position=\"left\" offset=\"vc_col-md-6\"][vc_single_image image=\"1168\" img_size=\"full\" alignment=\"right\"]<div id=\"sc_content_89020266\"\n\t\tclass=\"sc_content color_style_default sc_content_default sc_float_center\"><div class=\"sc_content_container\">[vc_row_inner][vc_column_inner width=\"1\/3\" icons_position=\"left\"][\/vc_column_inner][vc_column_inner width=\"1\/3\" icons_position=\"left\" offset=\"vc_col-sm-offset-0 vc_col-xs-offset-2 vc_col-xs-10\"][vc_empty_space height=\"102px\" hide_on_mobile=\"\" css=\".vc_custom_1557410233711{margin-top: 0.6rem !important;}\"]<div class=\"sc_layouts_item\"><a href=\"http:\/\/akaiesramana.com\/music\/produto\/urucum-vermelho\" id=\"sc_button_70300855\" class=\"sc_button color_style_default sc_button_default sc_button_size_normal sc_button_icon_left\"><span class=\"sc_button_text\"><span class=\"sc_button_title\">COMPRAR<\/span><\/span><!-- \/.sc_button_text --><\/a><!-- \/.sc_button --><\/div>[\/vc_column_inner][vc_column_inner width=\"1\/3\" icons_position=\"left\"][\/vc_column_inner][\/vc_row_inner][vc_empty_space hide_on_mobile=\"\" css=\".vc_custom_1495713192880{margin-top: 0.9rem !important;}\"]<\/div><\/div><!-- \/.sc_content -->[\/vc_column][\/vc_row]<\/div>[\/vc_column][\/vc_row]<\/p>\n","protected":false},"excerpt":{"rendered":"<p>[vc_row full_width=&#8221;stretch_row_content_no_spaces&#8221;][vc_column][rev_slider_vc alias=&#8221;slider-1&#8243;][\/vc_column][\/vc_row][vc_row][vc_column][\/vc_column][\/vc_row][vc_row][vc_column][\/vc_column][\/vc_row][vc_row][vc_column][\/vc_column][\/vc_row][vc_row][vc_column][\/vc_column][\/vc_row][vc_row][vc_column][\/vc_column][\/vc_row]<\/p>\n","protected":false},"author":1,"featured_media":0,"parent":0,"menu_order":0,"comment_status":"closed","ping_status":"closed","template":"","meta":[],"_links":{"self":[{"href":"https:\/\/akaiesramana.com\/music\/wp-json\/wp\/v2\/pages\/2"}],"collection":[{"href":"https:\/\/akaiesramana.com\/music\/wp-json\/wp\/v2\/pages"}],"about":[{"href":"https:\/\/akaiesramana.com\/music\/wp-json\/wp\/v2\/types\/page"}],"author":[{"embeddable":true,"href":"https:\/\/akaiesramana.com\/music\/wp-json\/wp\/v2\/users\/1"}],"replies":[{"embeddable":true,"href":"https:\/\/akaiesramana.com\/music\/wp-json\/wp\/v2\/comments?post=2"}],"version-history":[{"count":41,"href":"https:\/\/akaiesramana.com\/music\/wp-json\/wp\/v2\/pages\/2\/revisions"}],"predecessor-version":[{"id":5342,"href":"https:\/\/akaiesramana.com\/music\/wp-json\/wp\/v2\/pages\/2\/revisions\/5342"}],"wp:attachment":[{"href":"https:\/\/akaiesramana.com\/music\/wp-json\/wp\/v2\/media?parent=2"}],"curies":[{"name":"wp","href":"https:\/\/api.w.org\/{rel}","templated":true}]}}