{"id":1159,"date":"2019-04-26T12:51:39","date_gmt":"2019-04-26T12:51:39","guid":{"rendered":"http:\/\/akaiesramana.com\/music\/?post_type=product&#038;p=1159"},"modified":"2022-08-23T19:40:28","modified_gmt":"2022-08-23T19:40:28","slug":"o-chamado-do-xama","status":"publish","type":"product","link":"https:\/\/akaiesramana.com\/music\/produto\/o-chamado-do-xama\/","title":{"rendered":"O CHAMADO DO XAM\u00c3 (CD Online MP3)"},"content":{"rendered":"<div class=\"wpb_text_column wpb_content_element \">\n<div class=\"wpb_wrapper\">\n<p><strong>FAIXAS<\/strong><\/p>\n<\/div>\n<\/div>\n<p>01 &#8211; Exalta\u00e7\u00e3o<br \/>\n02 &#8211; Aweahey<br \/>\n03 &#8211; Canto da M\u00e3e-Terra<br \/>\n04 &#8211; Canto de Gratid\u00e3o<br \/>\n05 &#8211; Caboclo Ayahuasqueiro<br \/>\n06 &#8211; Cura Cayme Jhankri<br \/>\n07 &#8211; Caminhar<br \/>\n08 &#8211; \u00cdcaro de Cura<br \/>\n09 &#8211; Tribos<br \/>\n10 &#8211; Wankatanka<br \/>\n11 &#8211; Yube Kaxinaw\u00e1<br \/>\n12 &#8211; Viva o Kamb\u00f4<br \/>\n13 &#8211; Esp\u00edrito Curandeiro<br \/>\n14 &#8211; Ayahuaska Florada<br \/>\n15 &#8211; Aldeia Caramur\u00fa<br \/>\n16 &#8211; Cabocla Guerreira<br \/>\n17 &#8211; Medicina da Floresta<br \/>\n18 &#8211; Ensinamento<br \/>\n19 &#8211; Gratid\u00e3o<\/p>\n","protected":false},"excerpt":{"rendered":"<div class=\"wpb_text_column wpb_content_element \">\n<div class=\"wpb_wrapper\">\n<p><span style=\"vertical-align: inherit;\"><span style=\"vertical-align: inherit;\"><span style=\"color: #bc9e6c; font-family: Roboto, sans-serif; font-size: 14px; line-height: 1.7857em;\"><strong><span style=\"color: #bc9e6c;\">CD ONLINE (FAIXAS EM MP3)<br \/>\n<\/span><\/strong>MP3 &#8211; Download Dispon\u00edvel<\/span><\/span><\/span><\/p>\n<p><span style=\"vertical-align: inherit;\"><span style=\"vertical-align: inherit;\"><strong>O CHAMADO DO XAM\u00c3<\/strong> &#8211; O Chamado do Xam\u00e3 \u00e9 um convite da natureza para que possamos reconhecer a grandeza das medicinas ancestrais no contexto da consagra\u00e7\u00e3o.<\/span><\/span><\/p>\n<\/div>\n<\/div>\n<p>&nbsp;<\/p>\n","protected":false},"featured_media":1166,"comment_status":"open","ping_status":"closed","template":"","meta":[],"_links":{"self":[{"href":"https:\/\/akaiesramana.com\/music\/wp-json\/wp\/v2\/product\/1159"}],"collection":[{"href":"https:\/\/akaiesramana.com\/music\/wp-json\/wp\/v2\/product"}],"about":[{"href":"https:\/\/akaiesramana.com\/music\/wp-json\/wp\/v2\/types\/product"}],"replies":[{"embeddable":true,"href":"https:\/\/akaiesramana.com\/music\/wp-json\/wp\/v2\/comments?post=1159"}],"wp:featuredmedia":[{"embeddable":true,"href":"https:\/\/akaiesramana.com\/music\/wp-json\/wp\/v2\/media\/1166"}],"wp:attachment":[{"href":"https:\/\/akaiesramana.com\/music\/wp-json\/wp\/v2\/media?parent=1159"}],"curies":[{"name":"wp","href":"https:\/\/api.w.org\/{rel}","templated":true}]}}